{"id":2726,"date":"2017-05-27T16:19:08","date_gmt":"2017-05-27T13:19:08","guid":{"rendered":"http:\/\/ouluntaiji.fi\/2014\/?page_id=2726"},"modified":"2024-01-07T20:48:50","modified_gmt":"2024-01-07T18:48:50","slug":"hinnatjamaksutiedot-2020","status":"publish","type":"page","link":"https:\/\/ouluntaiji.fi\/2014\/hinnatjamaksutiedot-2020\/","title":{"rendered":"Hinnat ja maksutiedot"},"content":{"rendered":"\n<div class=\"wp-block-group\"><div class=\"wp-block-group__inner-container is-layout-flow wp-block-group-is-layout-flow\">\n<h5>*<em>Kaikki maksut sis\u00e4lt\u00e4v\u00e4t seuran j\u00e4senmaksun 5\u20ac.<\/em><\/h5>\n<h3>Lukukausimaksu \/ <b>60\u20ac<\/b><\/h3>\n<p>Oikeuttaa osallistumisen kaikkiin seuran vakiotreeneihin kev\u00e4t- tai syyslukukaudella.<\/p>\n<h3>10 kerran kortti \/ 5<b>0\u20ac<\/b><\/h3>\n<p>Kun haluat kokeilla lajia tai et ole varma omista aikatauluistasi on 10 kerran kortti mainio vaihtoehto, my\u00f6s lahjaksi. Kortti oikeuttaa osallistumisen kymmeneen seuran vakiotreeniin vuoden aikana.<\/p>\n<p>Mik\u00e4li tied\u00e4t osallistuvasi vain yhteen harjoitus vuoroon satunnaisesti, jolloin t\u00e4m\u00e4 edullisempi vaihtoehto.<\/p>\n<h3>ONLINE lukukausimaksu \/ 5<b>0\u20ac<\/b><\/h3>\n<p>Lukukausimaksu ainoastaan et\u00e4yhteydell\u00e4 (online-tunnit) osallistuville.<\/p>\n<h3>Ainolan puiston kes\u00e4harjoitukset \/ <b>0\u20ac<\/b><\/h3>\n<p>Ainolan puistossa j\u00e4rjestett\u00e4v\u00e4t harjoitukset ovat maksuttomia ja niihinkin voi tulla ilman ennakkoilmoittautumista.<\/p>\n<h3>Leirit<\/h3>\n<p>Leirihinnat vaihtelevat, katso blogista lis\u00e4tietoja kunkin tulevan leirin kohdalta.<\/p>\n\n\n\n<h2 class=\"wp-block-heading\">MAKSUTIEDOT<\/h2>\n\n\n\n<hr class=\"wp-block-separator has-css-opacity is-style-wide\"\/>\n\n\n\n<h4 class=\"wp-block-heading\">Tilisiirto<\/h4>\n\n\n\n<p>Oulun Taiji-seura ry<br>Nordea, IBAN: FI04 2050 1800 0251 01<\/p>\n\n\n\n<p>Viite harjoittelumaksuille: <strong>2820<\/strong><br>Viite leirimaksuille: <strong>3120<\/strong><br>Viite oheistuotteille: <strong>6680<\/strong><\/p>\n\n\n\n<p><strong>Er\u00e4p\u00e4iv\u00e4t:&nbsp; <\/strong>Syyslukukausimaksu on maksettava syyskuun loppuun menness\u00e4 ja kev\u00e4tkausi tammikuun aikana.<\/p>\n\n\n\n<h3 class=\"wp-block-heading\">Smartum-kulttuuri ja -liikuntasetelit <img decoding=\"async\" src=\"http:\/\/www.ouluntaiji.fi\/smartum.jpg\" alt=\"Smartum\"><\/h3>\n\n\n\n<p>Smartum-seteleill\u00e4 voi maksaa ohjaajalle tai Smartumin s\u00e4hk\u00f6isill\u00e4 maksutavoilla milloin vain.<\/p>\n<\/div><\/div>\n\n\n\n<figure class=\"wp-block-image size-full is-resized\"><img loading=\"lazy\" decoding=\"async\" width=\"301\" height=\"148\" src=\"https:\/\/ouluntaiji.fi\/2014\/wp-content\/uploads\/2023\/08\/ePassi.jpg\" alt=\"\" class=\"wp-image-3862\" style=\"width:191px;height:94px\" srcset=\"https:\/\/ouluntaiji.fi\/2014\/wp-content\/uploads\/2023\/08\/ePassi.jpg 301w, https:\/\/ouluntaiji.fi\/2014\/wp-content\/uploads\/2023\/08\/ePassi-250x123.jpg 250w\" sizes=\"auto, (max-width: 301px) 100vw, 301px\" \/><\/figure>\n\n\n\n<p class=\"has-normal-font-size\">Epassi otettu k\u00e4ytt\u00f6\u00f6n syksyll\u00e4 2023!<\/p>\n","protected":false},"excerpt":{"rendered":"<p>*Kaikki maksut sis\u00e4lt\u00e4v\u00e4t seuran j\u00e4senmaksun 5\u20ac. Lukukausimaksu \/ 60\u20ac Oikeuttaa osallistumisen kaikkiin seuran vakiotreeneihin kev\u00e4t- tai syyslukukaudella. 10 kerran kortti \/ 50\u20ac Kun haluat kokeilla lajia tai et ole varma omista aikatauluistasi on 10 kerran kortti mainio vaihtoehto, my\u00f6s lahjaksi. Kortti oikeuttaa osallistumisen kymmeneen seuran vakiotreeniin vuoden aikana. Mik\u00e4li tied\u00e4t osallistuvasi vain yhteen harjoitus vuoroon [&hellip;]<\/p>\n","protected":false},"author":16,"featured_media":0,"parent":0,"menu_order":0,"comment_status":"closed","ping_status":"closed","template":"template_fullwidth.php","meta":{"footnotes":""},"class_list":["post-2726","page","type-page","status-publish","hentry"],"_links":{"self":[{"href":"https:\/\/ouluntaiji.fi\/2014\/wp-json\/wp\/v2\/pages\/2726","targetHints":{"allow":["GET"]}}],"collection":[{"href":"https:\/\/ouluntaiji.fi\/2014\/wp-json\/wp\/v2\/pages"}],"about":[{"href":"https:\/\/ouluntaiji.fi\/2014\/wp-json\/wp\/v2\/types\/page"}],"author":[{"embeddable":true,"href":"https:\/\/ouluntaiji.fi\/2014\/wp-json\/wp\/v2\/users\/16"}],"replies":[{"embeddable":true,"href":"https:\/\/ouluntaiji.fi\/2014\/wp-json\/wp\/v2\/comments?post=2726"}],"version-history":[{"count":22,"href":"https:\/\/ouluntaiji.fi\/2014\/wp-json\/wp\/v2\/pages\/2726\/revisions"}],"predecessor-version":[{"id":3903,"href":"https:\/\/ouluntaiji.fi\/2014\/wp-json\/wp\/v2\/pages\/2726\/revisions\/3903"}],"wp:attachment":[{"href":"https:\/\/ouluntaiji.fi\/2014\/wp-json\/wp\/v2\/media?parent=2726"}],"curies":[{"name":"wp","href":"https:\/\/api.w.org\/{rel}","templated":true}]}}